tors of 5185?
5, 17, 61
What are the prime factors of 80557?
80557
What are the prime factors of 47850?
2, 3, 5, 11, 29
What are the prime factors of 7080?
2, 3, 5, 59
What are the prime factors of 8233?
8233
List the prime factors of 3857.
7, 19, 29
What are the prime factors of 46515?
3, 5, 7, 443
List the prime factors of 118375.
5, 947
List the prime factors of 2158.
2, 13, 83
List the prime factors of 68931.
3, 23, 37
List the prime factors of 3400.
2, 5, 17
What are the prime factors of 12881?
11, 1171
What are the prime factors of 17897?
11, 1627
What are the prime factors of 135?
3, 5
List the prime factors of 222.
2, 3, 37
What are the prime factors of 1297?
1297
List the prime factors of 2777.
2777
List the prime factors of 166134.
2, 3, 27689
What are the prime factors of 468?
2, 3, 13
List the prime factors of 457.
457
What are the prime factors of 2186?
2, 1093
What are the prime factors of 6011?
6011
List the prime factors of 19995.
3, 5, 31, 43
List the prime factors of 10815.
3, 5, 7, 103
What are the prime factors of 1172?
2, 293
What are the prime factors of 79956?
2, 3, 2221
List the prime factors of 5001.
3, 1667
What are the prime factors of 8077?
41, 197
What are the prime factors of 571?
571
What are the prime factors of 971?
971
List the prime factors of 1894.
2, 947
List the prime factors of 58027.
58027
What are the prime factors of 7655?
5, 1531
What are the prime factors of 961?
31
What are the prime factors of 2835?
3, 5, 7
List the prime factors of 734.
2, 367
List the prime factors of 358.
2, 179
What are the prime factors of 9251?
11, 29
What are the prime factors of 3097?
19, 163
List the prime factors of 55028.
2, 13757
What are the prime factors of 10715?
5, 2143
What are the prime factors of 42453?
3, 53, 89
List the prime factors of 30057.
3, 43, 233
What are the prime factors of 826?
2, 7, 59
What are the prime factors of 60825?
3, 5, 811
List the prime factors of 293.
293
What are the prime factors of 77419?
77419
List the prime factors of 47062.
2, 23531
What are the prime factors of 30886?
2, 15443
List the prime factors of 15923.
15923
List the prime factors of 85483.
73, 1171
List the prime factors of 1291.
1291
What are the prime factors of 55521?
3, 31, 199
What are the prime factors of 646?
2, 17, 19
List the prime factors of 7296.
2, 3, 19
What are the prime factors of 77460?
2, 3, 5, 1291
What are the prime factors of 903?
3, 7, 43
List the prime factors of 7751.
23, 337
List the prime factors of 1537.
29, 53
What are the prime factors of 27575?
5, 1103
What are the prime factors of 2942?
2, 1471
List the prime factors of 2076.
2, 3, 173
List the prime factors of 2947.
7, 421
What are the prime factors of 20125?
5, 7, 23
List the prime factors of 1830.
2, 3, 5, 61
What are the prime factors of 798?
2, 3, 7, 19
List the prime factors of 1363.
29, 47
List the prime factors of 220.
2, 5, 11
What are the prime factors of 108967?
108967
List the prime factors of 3967.
3967
List the prime factors of 541.
541
List the prime factors of 94096.
2, 5881
What are the prime factors of 5032?
2, 17, 37
List the prime factors of 104931.
3, 89, 131
What are the prime factors of 2567?
17, 151
List the prime factors of 4053.
3, 7, 193
List the prime factors of 293.
293
List the prime factors of 12528.
2, 3, 29
What are the prime factors of 10896?
2, 3, 227
List the prime factors of 2732.
2, 683
List the prime factors of 38854.
2, 19427
List the prime factors of 1335.
3, 5, 89
What are the prime factors of 1461?
3, 487
List the prime factors of 10388.
2, 7, 53
What are the prime factors of 12?
2, 3
What are the prime factors of 27421?
17, 1613
What are the prime factors of 32058?
2, 3, 13, 137
List the prime factors of 15358.
2, 7, 1097
What are the prime factors of 18737?
41, 457
List the prime factors of 457.
457
What are the prime factors of 5546?
2, 47, 59
List the prime factors of 105642.
2, 3, 5869
List the prime factors of 61178.
2, 13, 181
List the prime factors of 107251.
107251
List the prime factors of 5699.
41, 139
List the prime factors of 5743.
5743
List the prime factors of 6563.
6563
List the prime factors of 5196.
2, 3, 433
What are the prime factors of 8635?
5, 11, 157
What are the prime factors of 3565?
5, 23, 31
What are the prime factors of 1024?
2
What are the prime factors of 3194?
2, 1597
List the prime factors of 821.
821
What are the prime factors of 11834?
2, 61, 97
List the prime factors of 12777.
3, 4259
List the prime factors of 1150.
2, 5, 23
List the prime factors of 52286.
2, 13, 2011
List the prime factors of 7240.
2, 5, 181
What are the prime factors of 31244?
2, 73, 107
What are the prime factors of 5063?
61, 83
What are the prime factors of 49753?
11, 4523
What are the prime factors of 795?
3, 5, 53
What are the prime factors of 1729?
7, 13, 19
List the prime factors of 111449.
13, 8573
What are the prime factors of 9286?
2, 4643
List the prime factors of 9439.
9439
List the prime factors of 2557.
2557
What are the prime factors of 126341?
126341
What are the prime factors of 31602?
2, 3, 23, 229
List the prime factors of 632.
2, 79
What are the prime factors of 1068?
2, 3, 89
What are the prime factors of 97067?
113, 859
List the prime factors of 133658.
2, 7, 9547
List the prime factors of 1555.
5, 311
List the prime factors of 937.
937
What are the prime factors of 1743?
3, 7, 83
What are the prime factors of 991?
991
List the prime factors of 3130.
2, 5, 313
List the prime factors of 18871.
113, 167
What are the prime factors of 132303?
3, 44101
What are the prime factors of 1456?
2, 7, 13
List the prime factors of 6443.
17, 379
List the prime factors of 6931.
29, 239
What are the prime factors of 244?
2, 61
List the prime factors of 521.
521
List the prime factors of 1361.
1361
What are the prime factors of 4370?
2, 5, 19, 23
What are the prime factors of 23706?
2, 3, 439
List the prime factors of 1270.
2, 5, 127
List the prime factors of 3599.
59, 61
What are the prime factors of 41709?
3, 13903
What are the prime factors of 695?
5, 139
What are the prime factors of 6200?
2, 5, 31
What are the prime factors of 2938?
2, 13, 113
What are the prime factors of 1728?
2, 3
What are the prime factors of 5122?
2, 13, 197
What are the prime factors of 6766?
2, 17, 199
List the prime factors of 19373.
19373
List the prime factors of 1309.
7, 11, 17
List the prime factors of 59333.
59333
What are the prime factors of 7396?
2, 43
List the prime factors of 450.
2, 3, 5
What are the prime factors of 11903?
11903
List the prime factors of 13117.
13, 1009
List the prime factors of 20622.
2, 3, 7, 491
List the prime factors of 10113.
3, 3371
List the prime factors of 7953.
3, 11, 241
What are the prime factors of 13242?
2, 3, 2207
What are the prime factors of 15976?
2, 1997
What are the prime factors of 60594?
2, 3, 10099
What are the prime factors of 41532?
2, 3, 3461
List the prime factors of 937.
937
What are the prime factors of 4138?
2, 2069
List the prime factors of 104392.
2, 13049
What are the prime factors of 59291?
211, 281
What are the prime factors of 13765?
5, 2753
List the prime factors of 1940.
2, 5, 97
List the prime factors of 3400.
2, 5, 17
List the prime factors of 9654.
2, 3, 1609
List the prime factors of 62387.
13, 4799
List the prime factors of 55477.
29, 1913
List the prime factors of 8698.
2, 4349
What are the prime factors of 30537?
3, 13, 29
List the prime factors of 108.
2, 3
List the prime factors of 42507.
3, 4723
List the prime factors of 29492.
2, 73, 101
What are the prime factors of 2972?
2, 743
List the prime factors of 2293.
2293
List the prime factors of 5417.
5417
List the prime factors of 4764.
2, 3, 397
What are the prime factors of 4426?
2, 2213
List the prime factors of 4488.
2, 3, 11, 17
What are the prime factors of 714?
2, 3, 7, 17
List the prime factors of 46171.
46171
What are the prime factors of 99970?
2, 5, 13, 769
List the prime factors of 11078.
2, 29, 191
What are the prime factors of 1210?
2, 5, 11
What are the prime factors of 17442?
2, 3, 17, 19
What are the prime factors of 20?
2, 5
List the prime factors of 6667.
59, 113
List the prime factors of 2157.
3, 719
What are the prime factors of 5184?
2, 3
List the prime factors of 14